f g.
5
Let l(p) = p**2 - 4*p + 1. Let t(b) = 5*b. Let n be t(1). Let k be l(n). Suppose k = 4*q - 6. List the prime factors of q.
3
Suppose 16 = 3*t + 3*c - 2*c, 0 = 2*t - 4*c + 8. Suppose 952 - 240 = t*z. List the prime factors of z.
2, 89
Suppose 7*v - 4606 = 11025. What are the prime factors of v?
7, 11, 29
Suppose 5*h - 46 = -5*k - 1, -5*h - k + 41 = 0. List the prime factors of (12/h)/(1 - 11/12).
2, 3
Suppose -5*z = -2*x + 3394, 4*x - 6810 = -17*z + 16*z. What are the prime factors of x?
2, 23, 37
Suppose -u + 4*y = -96, 4*y = 4*u - 183 - 153. Suppose -2*x - u = -4*x. List the prime factors of x.
2, 5
Suppose 0 = -51*u + 35*u + 10896. What are the prime factors of u?
3, 227
Let p be (-1 - -2)/((-2)/6). Let l be p/(3 + (-36)/8). Suppose 3*n - 5 = h, -2*h = l*h + n - 45. List the prime factors of h.
2, 5
Let z(k) = 27*k**3 - 8*k - 6*k**2 - 26*k**3 - 7 + 1. List the prime factors of z(8).
2, 29
Let t(u) be the second derivative of u**3 + 10*u + 6*u - 3*u - 11*u**2 - 3*u. List the prime factors of t(7).
2, 5
Let s(c) = -2*c**2 - 6*c - 9. Let p(y) = y**2 + 1. Let f(g) = -5*p(g) - s(g). Let n be f(5). Let x = n - -70. What are the prime factors of x?
29
Let d = -255 + 589. What are the prime factors of d?
2, 167
Let d = 60 + -48. List the prime factors of (30/d - 2) + (-350)/(-4).
2, 11
Let r(i) = i**2 + 12*i + 17. Let c be r(-7). Let z = c + 132. Suppose -f + 4*f = z. List the prime factors of f.
2, 19
Let q be 6*-3*(2 - (-15)/(-6)). Suppose 324 = q*m - 207. What are the prime factors of m?
59
Let m be (0 + -3)*87/9. Let j = 70 + m. What are the prime factors of j?
41
Let z(v) = -179*v - 9. Let q be z(3). Let x = 822 + q. List the prime factors of x.
2, 3, 23
Let u(b) be the third derivative of b**4/3 - b**3/6 + 5*b**2. Let c be u(3). Suppose -c - 9 = -4*x. What are the prime factors of x?
2
Suppose -3*f - 249 = 3*o, -4*o = 3*f - 7*f + 372. Let c be (-1 - -1) + -43 + 1. Let b = c - o. List the prime factors of b.
2, 23
Let r(h) = 54*h**2 - h. Suppose -4*o - 5 = -9*o. Let t be r(o). Suppose 0 = -4*n - n + 3*v + t, -5*n + 57 = -2*v. What are the prime factors of n?
13
Let h be (-16 - -12) + (0 - -6). What are the prime factors of (-1 + h)/(9/2097)?
233
Suppose 14*p + 0*p = 44632. What are the prime factors of p?
2, 797
Suppose 0 = k + 5*k - 132. Suppose k*n - 245 = 17*n. What are the prime factors of n?
7
Let c(y) = -y**3 + 10*y**2 - 8*y + 14. Let g be 244/36 - 6/(-27). List the prime factors of c(g).
3, 5, 7
Let c(k) = -k. Let q = -10 + 7. Let y(g) = -4*g - 5. Let j(u) = q*c(u) + y(u). What are the prime factors of j(-7)?
2
Suppose 41 = -4*u - 55. Let g be (-1 + -44)*(0 - -1). Let d = u - g. What are the prime factors of d?
3, 7
Let u(m) = -4*m + 0 + 2*m + 8. Let w(v) = 15*v + 3. Let c be w(-1). What are the prime factors of u(c)?
2
Suppose 5*i - 2*v - 3*v = -75, -4*v = -8. Let f = i + 26. List the prime factors of (f - -2)/3 - -1.
2, 3
Let f(o) = o**2 - 7*o + 7. Let j be f(6). Let k be (0/(-3) - 0) + j. What are the prime factors of ((-1)/(-2) - k)*-58?
29
Let o(m) = m**2 - 6*m - 5. Let u be o(7). Let p be -3 - 21/((-6)/u). Suppose 2*a - p*a = -42. What are the prime factors of a?
3, 7
Let m(w) = w**2 + 11*w - 15. Let v(s) = -s**2 + 6*s + 2. Let k be v(8). What are the prime factors of m(k)?
3
Let d = 104 + -7. Suppose m - 3*u = 37, 2*m = 4*u - 17 + d. What are the prime factors of m?
2, 23
Let i(l) = -6*l**2 + 2*l. Let d be i(2). Suppose -22*f = -427 + 1395. Let g = d - f. What are the prime factors of g?
2, 3
Let t(b) = -3*b**3 + 37*b**2 + 30*b + 6. Let k(f) = f**3 - 18*f**2 - 15*f - 3. Let u(i) = -5*k(i) - 2*t(i). What are the prime factors of u(-14)?
5, 37
List the prime factors of 17545/25 + 1/5.
2, 3, 13
Let d(k) = 49*k + 15. Let n be d(4). Suppose -3*w + 306 = 4*b, 5*b - n = -4*w + 2*w. List the prime factors of w.
2, 7
Let d = 521 + 3671. List the prime factors of d.
2, 131
Suppose -7*n + 304 = -3*n. Let r(j) = -14*j**2 + 4*j - 4. Let x be r(2). Let f = x + n. What are the prime factors of f?
2, 3
Let a be (1 - (-38)/6) + 2/3. What are the prime factors of (5 - (1 - -4)) + a*7?
2, 7
Let s = 38 + 28. List the prime factors of s.
2, 3, 11
Suppose -3*f + 15 = 0, 9 = -5*a - 3*f + 49. Let o(k) = -k**3 + 4*k**2 + 7*k - 5. Let x be o(a). Suppose -4*h = x - 141. List the prime factors of h.
2, 17
What are the prime factors of 400/8*(-175)/(-10)?
5, 7
Let t = 41 + -28. Let c = 3 + t. List the prime factors of c.
2
Suppose -2*t = -5*g - 5*t + 12, 4*t = -4. Let i(l) = 2*l**3 + 3*l**2 - l - 7. List the prime factors of i(g).
71
Let b be (0/(15/5))/(-2). Suppose -5*j + 51 = 2*q, 6*j - 4*j + 2*q - 24 = b. What are the prime factors of j?
3
Let a be (2 - (1 - 2))*15/(-15). List the prime factors of 2 + a + 4/((-12)/(-45)).
2, 7
Suppose -61*i + 9886 = -6889. List the prime factors of i.
5, 11
Let f(l) = -6*l**2 - 3*l + 2. Let p be f(-4). Let w = 135 + p. What are the prime factors of w?
53
Suppose -12*w = -76 + 376. Let b = w - -137. What are the prime factors of b?
2, 7
Let p(t) = t**2 + 9*t + 12. Let k be p(-8). Suppose -y + k*q = 2*y - 54, 5*q = -y + 18. Suppose -y*u + 19 = -17*u. List the prime factors of u.
19
Let r(i) = -i**3 + 14*i**2 - 15*i + 30. Let h be r(13). Suppose -5*w + w = -2*n + 360, 0 = 5*n - h*w - 888. What are the prime factors of n?
2, 11
Let l be ((-217)/(-2) + -3)*2. Let m = -110 + l. What are the prime factors of m?
101
Let w = 2778 - 1109. What are the prime factors of w?
1669
Suppose 0 = 5*y - 0 - 5, -5*r + 53 = 3*y. Let b = -8 + r. What are the prime factors of 3 - b - -14*2?
29
Suppose 5*d - 82 = 93. Suppose -w + c = -4*w + d, c = -w + 15. What are the prime factors of (-6)/4 + 55/w?
2
Suppose 4*b - 5*z - 27 = 0, -4*b - 4*z - 21 = -7*b. Let t be 119/b + (-1)/(-3). Let j = 97 - t. List the prime factors of j.
3, 19
Suppose 7*z - 2*z - 144 = -4*a, -z = -5*a + 151. Suppose u - i = -a, 4*i + 11 = u + 51. What are the prime factors of 2 - 0/3 - u?
2, 3, 5
Let y be 100/6*12/(-10). Let m = y + 8. What are the prime factors of (m/(-10))/((-18)/(-60))?
2
Let u(p) = -p**2 - 7*p + 11. Let g be u(-8). Suppose 0 = i - 2*r + g, -5*i + 2*r + 13 = 6*r. What are the prime factors of (-116)/(-12) + i/3?
2, 5
Suppose 5*u = 5*s - 10, 0 = -2*s - 2*u - u + 9. Suppose -2*o - 70 = 3*o - 5*w, 3*w = -s*o - 42. What are the prime factors of (-9 - -7)*(1 + o)?
2, 13
Let a(l) = -362*l - 492. List the prime factors of a(-6).
2, 3, 5, 7
Let n(a) = -3*a**3 + 3*a**2 - 11*a + 14. What are the prime factors of n(-12)?
2, 43, 67
Let f be 5/2*(-68)/85. Let p be (-14)/(9/f + 4). Let h = 41 - p. What are the prime factors of h?
13
Let g(w) = w + 9. Let h be g(-6). Let u = h + 54. What are the prime factors of u?
3, 19
List the prime factors of (18 + 2)/5 + 354.
2, 179
Let r = 2764 - 1681. What are the prime factors of r?
3, 19
Suppose 2*n - 439 - 37 = 0. Suppose -214 = -4*h + n. List the prime factors of h.
113
Let a(o) = o**3 + 15*o**2 - 16*o + 21. Let f = 19 - -42. Suppose -45 = 3*b - 0*q + q, q + f = -4*b. List the prime factors of a(b).
3, 7
Let x(w) = -16*w + 1257. What are the prime factors of x(22)?
5, 181
Let a be (-2 - (1 + -2)) + 5. Let y = 23 + 10. List the prime factors of 126/y + a/22.
2
Let q = 40 + -16. Let m = q - 33. List the prime factors of -4 - m*(-2 - -5).
23
Let y = 465 - 293. What are the prime factors of y?
2, 43
Let i = -13 - -6. Let t = i + 67. List the prime factors of t.
2, 3, 5
Suppose -5*j - 2*a = -80, 4*j + 7 = 3*j - 5*a. Let q = j + 89. List the prime factors of q.
107
Let c = -37 + 42. Suppose -4*a - 36 = -c*q + 44, -5 = -q + 3*a. What are the prime factors of q?
2, 5
Let z be ((-6)/(-2)*-2)/(8/(-12)). List the prime factors of 336/z + (-1)/3.
37
Let n = 105 - 103. What are the prime factors of n/(-9) + (-7 - (-6535)/45)?
2, 3, 23
Let x = -1823 + 3161. What are the prime factors of x?
2, 3, 223
Let j(q) = -q**3 + 10*q**2 - 7*q - 13. Let x be j(9). Suppose -x*l + 2 - 27 = 0. Let v = l - -14. List the prime factors of v.
3
Suppose -2*a + 145 = 3*a. Suppose h - a + 9 = -4*y, h - 3*y = 48. What are the prime factors of h?
2, 3
Suppose u + 986 = 5*q, -4*u - 68 + 480 = 2*q. What are the prime factors of q?
2, 3, 11
Let d be (-1896)/(-60) + 2/5. Let g be (-4)/(d/(-4))*-4. What are the prime factors of (g/6)/(6/(-198))?
11
Suppose 